{"id":966,"date":"2021-04-06T10:36:55","date_gmt":"2021-04-06T10:36:55","guid":{"rendered":"https:\/\/jmd.com.co\/index.php\/services\/"},"modified":"2023-05-23T16:10:04","modified_gmt":"2023-05-23T16:10:04","slug":"services","status":"publish","type":"page","link":"https:\/\/jmd.com.co\/index.php\/home\/services\/","title":{"rendered":"Servicios"},"content":{"rendered":"\n<div class=\"wp-block-uagb-container uagb-block-07d81cfb alignfull uagb-is-root-container\"><div class=\"uagb-container-inner-blocks-wrap\">\n<div class=\"wp-block-uagb-advanced-heading uagb-block-cce6d7fa\"><h1 class=\"uagb-heading-text\">Servicios<\/h1><\/div>\n<\/div><\/div>\n\n\n\n<div class=\"wp-block-uagb-container uagb-block-05c2d849 alignfull uagb-is-root-container\"><div class=\"uagb-container-inner-blocks-wrap\">\n<div class=\"inherit-container-width wp-block-group is-layout-constrained wp-block-group-is-layout-constrained\">\n<div class=\"wp-block-uagb-info-box uagb-block-bdd47bab uagb-infobox__content-wrap  uagb-infobox-icon-above-title uagb-infobox-image-valign-top\"><div class=\"uagb-ifb-content\"><div class=\"uagb-ifb-title-wrap\"><h3 class=\"uagb-ifb-title\"><strong>Consultor\u00eda en Gesti\u00f3n de Activos<\/strong><\/h3><\/div><p class=\"uagb-ifb-desc\">Somos consultores Integrales en Gesti\u00f3n de Activos seg\u00fan la Norma ISO 55001 con conocimiento y experiencia espec\u00edfica para Empresas del Sector Energ\u00e9tico y de Servicios P\u00fablicos. Acompa\u00f1amos a nuestros Clientes en todo el proceso de diagn\u00f3stico, planeaci\u00f3n e implementaci\u00f3n y acompa\u00f1amiento en la certificaci\u00f3n, garantizando el retorno de la Inversi\u00f3n.<\/p><\/div><\/div>\n<\/div>\n<\/div><\/div>\n\n\n\n<div class=\"wp-block-uagb-container uagb-block-036cb4b8 alignfull uagb-is-root-container\"><div class=\"uagb-container-inner-blocks-wrap\">\n<h2 class=\"wp-block-heading has-text-align-center\">Nuestros Servicios<\/h2>\n\n\n\n<div class=\"wp-block-cover alignfull is-light\"><span aria-hidden=\"true\" class=\"wp-block-cover__background has-background-dim\"><\/span><img loading=\"lazy\" decoding=\"async\" width=\"1920\" height=\"1080\" class=\"wp-block-cover__image-background wp-image-289\" alt=\"\" src=\"https:\/\/jmd.com.co\/wp-content\/uploads\/2023\/04\/21.png\" data-object-fit=\"cover\" srcset=\"https:\/\/jmd.com.co\/wp-content\/uploads\/2023\/04\/21.png 1920w, https:\/\/jmd.com.co\/wp-content\/uploads\/2023\/04\/21-300x169.png 300w, https:\/\/jmd.com.co\/wp-content\/uploads\/2023\/04\/21-1024x576.png 1024w, https:\/\/jmd.com.co\/wp-content\/uploads\/2023\/04\/21-768x432.png 768w, https:\/\/jmd.com.co\/wp-content\/uploads\/2023\/04\/21-1536x864.png 1536w\" sizes=\"auto, (max-width: 1920px) 100vw, 1920px\" \/><div class=\"wp-block-cover__inner-container is-layout-flow wp-block-cover-is-layout-flow\">\n<p class=\"has-text-align-center has-large-font-size\">Gesti\u00f3n de Activos<\/p>\n\n\n\n<div class=\"wp-block-uagb-tabs uagb-block-3dea3533 uagb-tabs__wrap uagb-tabs__hstyle2-desktop uagb-tabs__vstyle6-tablet uagb-tabs__stack1-mobile\" data-tab-active=\"0\"><ul class=\"uagb-tabs__panel uagb-tabs__align-left\" role=\"tablist\"><li class=\"uagb-tab uagb-tabs__active\" role=\"none\"><a href=\"#uagb-tabs__tab0\" class=\"uagb-tabs-list uagb-tabs__icon-position-left\" data-tab=\"0\" role=\"tab\"><strong>Diagn\u00f3stico<\/strong><\/a><\/li><li class=\"uagb-tab \" role=\"none\"><a href=\"#uagb-tabs__tab1\" class=\"uagb-tabs-list uagb-tabs__icon-position-left\" data-tab=\"1\" role=\"tab\"><strong>Planeaci\u00f3n<\/strong><\/a><\/li><li class=\"uagb-tab \" role=\"none\"><a href=\"#uagb-tabs__tab2\" class=\"uagb-tabs-list uagb-tabs__icon-position-left\" data-tab=\"2\" role=\"tab\"><strong>Implementaci\u00f3n<\/strong><\/a><\/li><li class=\"uagb-tab \" role=\"none\"><a href=\"#uagb-tabs__tab3\" class=\"uagb-tabs-list uagb-tabs__icon-position-left\" data-tab=\"3\" role=\"tab\"><strong>Certificaci\u00f3n<\/strong><\/a><\/li><\/ul><div class=\"uagb-tabs__body-wrap\">\n<div class=\"wp-block-uagb-tabs-child uagb-tabs__body-container uagb-inner-tab-0\" aria-labelledby=\"uagb-tabs__tab0\">\n<ul class=\"wp-block-list\">\n<li>Realizar Diagn\u00f3stico cualitativo y cuantitativo<\/li>\n\n\n\n<li>Definir acciones para cierre de brechas<\/li>\n\n\n\n<li>Elaborar HDR para acciones identificadas<\/li>\n<\/ul>\n<\/div>\n\n\n\n<div class=\"wp-block-uagb-tabs-child uagb-tabs__body-container uagb-inner-tab-1\" aria-labelledby=\"uagb-tabs__tab1\">\n<ul class=\"wp-block-list\">\n<li>Definir alcance, tiempo y costos<\/li>\n\n\n\n<li>Definir planes subsidiarios<\/li>\n\n\n\n<li>Definir valor agregado de la Inversi\u00f3n<\/li>\n<\/ul>\n<\/div>\n\n\n\n<div class=\"wp-block-uagb-tabs-child uagb-tabs__body-container uagb-inner-tab-2\" aria-labelledby=\"uagb-tabs__tab2\">\n<ul class=\"wp-block-list\">\n<li>Ejecutar la HDR del proyecto.<\/li>\n\n\n\n<li>Aplicar la Planeaci\u00f3n<\/li>\n\n\n\n<li>Integrar ISO 55001 con SIG existente<\/li>\n\n\n\n<li>Mejorar herramientas para configurar EAM<\/li>\n<\/ul>\n<\/div>\n\n\n\n<div class=\"wp-block-uagb-tabs-child uagb-tabs__body-container uagb-inner-tab-3\" aria-labelledby=\"uagb-tabs__tab3\">\n<ul class=\"wp-block-list\">\n<li>Realizar sesiones de conciencia<\/li>\n\n\n\n<li>Auditor\u00eda Interna y de preparaci\u00f3n<\/li>\n\n\n\n<li>Auditor\u00eda final de Certificaci\u00f3n<\/li>\n<\/ul>\n<\/div>\n<\/div><\/div>\n<\/div><\/div>\n\n\n\n<div class=\"wp-block-columns is-layout-flex wp-container-core-columns-is-layout-28f84493 wp-block-columns-is-layout-flex\">\n<div class=\"wp-block-column is-layout-flow wp-block-column-is-layout-flow\">\n<div class=\"wp-block-cover alignfull\"><span aria-hidden=\"true\" class=\"wp-block-cover__background has-background-dim\"><\/span><img loading=\"lazy\" decoding=\"async\" width=\"1920\" height=\"1080\" class=\"wp-block-cover__image-background wp-image-275\" alt=\"\" src=\"https:\/\/jmd.com.co\/wp-content\/uploads\/2023\/04\/15.png\" data-object-fit=\"cover\" srcset=\"https:\/\/jmd.com.co\/wp-content\/uploads\/2023\/04\/15.png 1920w, https:\/\/jmd.com.co\/wp-content\/uploads\/2023\/04\/15-300x169.png 300w, https:\/\/jmd.com.co\/wp-content\/uploads\/2023\/04\/15-1024x576.png 1024w, https:\/\/jmd.com.co\/wp-content\/uploads\/2023\/04\/15-768x432.png 768w, https:\/\/jmd.com.co\/wp-content\/uploads\/2023\/04\/15-1536x864.png 1536w\" sizes=\"auto, (max-width: 1920px) 100vw, 1920px\" \/><div class=\"wp-block-cover__inner-container is-layout-flow wp-block-cover-is-layout-flow\">\n<p class=\"has-text-align-center has-large-font-size\">Soluciones Tipo EAM<\/p>\n\n\n\n<p class=\"has-text-align-center\">Ofrecemos nuestra herramienta ALM (Asset Life Management) totalmente alineada con las Normas ISO 55001 y 55010.<\/p>\n<\/div><\/div>\n\n\n\n<div class=\"wp-block-cover alignfull is-light\"><span aria-hidden=\"true\" class=\"wp-block-cover__background has-background-dim\"><\/span><img loading=\"lazy\" decoding=\"async\" width=\"1160\" height=\"612\" class=\"wp-block-cover__image-background wp-image-1564\" alt=\"\" src=\"https:\/\/jmd.com.co\/wp-content\/uploads\/2023\/05\/portada-jmd.webp\" data-object-fit=\"cover\" srcset=\"https:\/\/jmd.com.co\/wp-content\/uploads\/2023\/05\/portada-jmd.webp 1160w, https:\/\/jmd.com.co\/wp-content\/uploads\/2023\/05\/portada-jmd-300x158.webp 300w, https:\/\/jmd.com.co\/wp-content\/uploads\/2023\/05\/portada-jmd-1024x540.webp 1024w, https:\/\/jmd.com.co\/wp-content\/uploads\/2023\/05\/portada-jmd-768x405.webp 768w\" sizes=\"auto, (max-width: 1160px) 100vw, 1160px\" \/><div class=\"wp-block-cover__inner-container is-layout-flow wp-block-cover-is-layout-flow\">\n<p class=\"has-text-align-center has-large-font-size\">Ingenier\u00eda y Proyectos<\/p>\n\n\n\n<ul class=\"wp-block-list\">\n<li>Estructuraci\u00f3n y Gesti\u00f3n de Planes de Inversiones<\/li>\n\n\n\n<li>Gesti\u00f3n y Optimizaci\u00f3n de Costos Operacionales (AOM)<\/li>\n\n\n\n<li>Gesti\u00f3n Regulatoria Integral<\/li>\n\n\n\n<li>Ingenier\u00eda B\u00e1sica y conceptual<\/li>\n\n\n\n<li>Interventor\u00eda de Proyectos<\/li>\n\n\n\n<li>Evaluaci\u00f3n del estado o condici\u00f3n de activos<\/li>\n\n\n\n<li>Estrategia de Mantenimiento (RCM)<\/li>\n\n\n\n<li>An\u00e1lisis de Eventos y Fallas de Equipos<\/li>\n<\/ul>\n<\/div><\/div>\n\n\n\n<div class=\"wp-block-cover alignfull is-light\"><span aria-hidden=\"true\" class=\"wp-block-cover__background has-background-dim\"><\/span><img loading=\"lazy\" decoding=\"async\" width=\"2560\" height=\"1707\" class=\"wp-block-cover__image-background wp-image-1826\" alt=\"\" src=\"https:\/\/jmd.com.co\/wp-content\/uploads\/2023\/05\/pexels-fauxels-3184317-scaled.jpg\" data-object-fit=\"cover\" srcset=\"https:\/\/jmd.com.co\/wp-content\/uploads\/2023\/05\/pexels-fauxels-3184317-scaled.jpg 2560w, https:\/\/jmd.com.co\/wp-content\/uploads\/2023\/05\/pexels-fauxels-3184317-300x200.jpg 300w, https:\/\/jmd.com.co\/wp-content\/uploads\/2023\/05\/pexels-fauxels-3184317-1024x683.jpg 1024w, https:\/\/jmd.com.co\/wp-content\/uploads\/2023\/05\/pexels-fauxels-3184317-768x512.jpg 768w, https:\/\/jmd.com.co\/wp-content\/uploads\/2023\/05\/pexels-fauxels-3184317-1536x1024.jpg 1536w, https:\/\/jmd.com.co\/wp-content\/uploads\/2023\/05\/pexels-fauxels-3184317-2048x1365.jpg 2048w\" sizes=\"auto, (max-width: 2560px) 100vw, 2560px\" \/><div class=\"wp-block-cover__inner-container is-layout-flow wp-block-cover-is-layout-flow\">\n<p class=\"has-text-align-center has-large-font-size\">Capacitaci\u00f3n y Entrenamiento<\/p>\n\n\n\n<div class=\"wp-block-columns is-layout-flex wp-container-core-columns-is-layout-28f84493 wp-block-columns-is-layout-flex\">\n<div class=\"wp-block-column is-layout-flow wp-block-column-is-layout-flow\">\n<div class=\"inherit-container-width wp-block-group is-layout-constrained wp-block-group-is-layout-constrained\">\n<div class=\"wp-block-columns is-layout-flex wp-container-core-columns-is-layout-28f84493 wp-block-columns-is-layout-flex\">\n<div class=\"wp-block-column is-layout-flow wp-block-column-is-layout-flow\" style=\"flex-basis:100%\">\n<h3 class=\"wp-block-heading\">Cursos Cortos<\/h3>\n<\/div>\n<\/div>\n<\/div>\n\n\n\n<ul class=\"wp-block-list\">\n<li>Gesti\u00f3n de Activos (alcance seg\u00fan requerimiento)<\/li>\n\n\n\n<li>Estrategia y Planeaci\u00f3n Operacional (O&amp;M)<\/li>\n\n\n\n<li>Evaluaci\u00f3n y Mejora Continua Operacional<\/li>\n\n\n\n<li>An\u00e1lisis de Fallas y Riesgos Operacionales<\/li>\n<\/ul>\n<\/div>\n\n\n\n<div class=\"wp-block-column is-layout-flow wp-block-column-is-layout-flow\">\n<div class=\"inherit-container-width wp-block-group is-layout-constrained wp-block-group-is-layout-constrained\">\n<h3 class=\"wp-block-heading\">Diplomados<\/h3>\n<\/div>\n\n\n\n<ul class=\"wp-block-list\">\n<li>Diplomado en Gesti\u00f3n Operacional<\/li>\n\n\n\n<li>Diplomado en Gesti\u00f3n de Activos<\/li>\n<\/ul>\n<\/div>\n<\/div>\n<\/div><\/div>\n<\/div>\n<\/div>\n\n\n\n<h2 class=\"wp-block-heading\"><\/h2>\n\n\n\n<h2 class=\"wp-block-heading has-text-align-center\">Testimonios<\/h2>\n\n\n\n<div class=\"wp-block-uagb-advanced-heading uagb-block-22777691\"><h2 class=\"uagb-heading-text\">Esto dicen nuestros clientes<\/h2><\/div>\n\n\n\n<div class=\"wp-block-uagb-testimonial uagb-slick-carousel uagb-tm__arrow-outside uagb-block-9065577f\"><div class=\"is-carousel uagb-tm__columns-1 uagb-tm__items\"><div class=\"uagb-testimonial__wrap  uagb-tm__imgicon-style-circle uagb-tm__image-position-bottom uagb-tm__bg-type-none \"><div class=\"uagb-tm__content\"><div class=\"uagb-tm__overlay\"><\/div><div class=\"uagb-tm__text-wrap\"><div class=\"uagb-tm__desc\">Recomiendo a la empresa JMD CONSULTING en el acompa\u00f1amiento a la implementaci\u00f3n de la norma ISO 55001, en CEDENAR llevamos 3 a\u00f1os trabajando con JMD, en este tiempo se ha demostrado la seriedad, la responsabilidad y la mejora de muchas actividades que van mas all\u00e1 del alcance de la implementaci\u00f3n de la norma que generan valor a la empresa.<\/div><div class=\"uagb-tm__meta-inner\"><div class=\"uagb-testimonial-details\"><span class=\"uagb-tm__author-name\">Juan David Paredes <\/span><span class=\"uagb-tm__company\">CEDENAR<\/span><\/div><\/div><\/div><\/div><\/div><div class=\"uagb-testimonial__wrap  uagb-tm__imgicon-style-circle uagb-tm__image-position-bottom uagb-tm__bg-type-none \"><div class=\"uagb-tm__content\"><div class=\"uagb-tm__overlay\"><\/div><div class=\"uagb-tm__text-wrap\"><div class=\"uagb-tm__desc\">La norma nos ayuda a generar valor a los activos, con JMD hemos establecido los objetivos de gesti\u00f3n de activos orientados a los objetivos estrat\u00e9gicos de nuestra empresa.<\/div><div class=\"uagb-tm__meta-inner\"><div class=\"uagb-testimonial-details\"><span class=\"uagb-tm__author-name\">Juan David Paredes<\/span><span class=\"uagb-tm__company\">CEDENAR<\/span><\/div><\/div><\/div><\/div><\/div><div class=\"uagb-testimonial__wrap  uagb-tm__imgicon-style-circle uagb-tm__image-position-bottom uagb-tm__bg-type-none \"><div class=\"uagb-tm__content\"><div class=\"uagb-tm__overlay\"><\/div><div class=\"uagb-tm__text-wrap\"><div class=\"uagb-tm__desc\">JMD es una empresa recomendable, principalmente por el conocimiento y la experiencia de sus profesionales, pero sobre todo por la calidad de sus empleados.<\/div><div class=\"uagb-tm__meta-inner\"><div class=\"uagb-testimonial-details\"><span class=\"uagb-tm__author-name\">Juan David Paredes <\/span><span class=\"uagb-tm__company\">CEDENAR<\/span><\/div><\/div><\/div><\/div><\/div><\/div><\/div>\n<\/div><\/div>\n\n\n\n<div class=\"wp-block-uagb-container uagb-block-b4fdaabf alignfull uagb-is-root-container\"><div class=\"uagb-container-inner-blocks-wrap\">\n<div class=\"wp-block-uagb-info-box uagb-block-fe71e656 uagb-infobox__content-wrap  uagb-infobox-icon-above-title uagb-infobox-image-valign-top\"><div class=\"uagb-ifb-content\"><div class=\"uagb-ifb-title-wrap\"><h3 class=\"uagb-ifb-title\">Es hora de obtener el m\u00e1ximo valor de sus activos.<\/h3><\/div><p class=\"uagb-ifb-desc\">Brindamos acompa\u00f1amiento de principio a fin.<\/p><div class=\"uagb-ifb-button-wrapper wp-block-button\"><a href=\"https:\/\/jmd.com.co\/index.php\/contact\/\" class=\"uagb-infobox-cta-link wp-block-button__link\" target=\"_self\" rel=\"noopener noreferrer\" onclick=\"return true;\" alt=\"\"><span class=\"uagb-inline-editing\">cont\u00e1ctanos<\/span><svg xmlns=\"https:\/\/www.w3.org\/2000\/svg\" viewBox=\"0 0 512 512\"><path d=\"M502.6 278.6l-128 128c-12.51 12.51-32.76 12.49-45.25 0c-12.5-12.5-12.5-32.75 0-45.25L402.8 288H32C14.31 288 0 273.7 0 255.1S14.31 224 32 224h370.8l-73.38-73.38c-12.5-12.5-12.5-32.75 0-45.25s32.75-12.5 45.25 0l128 128C515.1 245.9 515.1 266.1 502.6 278.6z\"><\/path><\/svg><\/a><\/div><\/div><\/div>\n<\/div><\/div>\n","protected":false},"excerpt":{"rendered":"<p>Servicios Nuestros Servicios Testimonios Esto dicen nuestros clientes<\/p>\n","protected":false},"author":1,"featured_media":0,"parent":961,"menu_order":0,"comment_status":"closed","ping_status":"closed","template":"","meta":{"_uag_custom_page_level_css":"","site-sidebar-layout":"no-sidebar","site-content-layout":"page-builder","ast-global-header-display":"","ast-banner-title-visibility":"","ast-main-header-display":"","ast-hfb-above-header-display":"","ast-hfb-below-header-display":"","ast-hfb-mobile-header-display":"","site-post-title":"disabled","ast-breadcrumbs-content":"disabled","ast-featured-img":"disabled","footer-sml-layout":"","theme-transparent-header-meta":"disabled","adv-header-id-meta":"","stick-header-meta":"","header-above-stick-meta":"","header-main-stick-meta":"","header-below-stick-meta":"","footnotes":""},"class_list":["post-966","page","type-page","status-publish","hentry"],"uagb_featured_image_src":{"full":false,"thumbnail":false,"medium":false,"medium_large":false,"large":false,"1536x1536":false,"2048x2048":false},"uagb_author_info":{"display_name":"info","author_link":"https:\/\/jmd.com.co\/index.php\/author\/info\/"},"uagb_comment_info":0,"uagb_excerpt":"Servicios Nuestros Servicios Testimonios Esto dicen nuestros clientes","_links":{"self":[{"href":"https:\/\/jmd.com.co\/index.php\/wp-json\/wp\/v2\/pages\/966","targetHints":{"allow":["GET"]}}],"collection":[{"href":"https:\/\/jmd.com.co\/index.php\/wp-json\/wp\/v2\/pages"}],"about":[{"href":"https:\/\/jmd.com.co\/index.php\/wp-json\/wp\/v2\/types\/page"}],"author":[{"embeddable":true,"href":"https:\/\/jmd.com.co\/index.php\/wp-json\/wp\/v2\/users\/1"}],"replies":[{"embeddable":true,"href":"https:\/\/jmd.com.co\/index.php\/wp-json\/wp\/v2\/comments?post=966"}],"version-history":[{"count":70,"href":"https:\/\/jmd.com.co\/index.php\/wp-json\/wp\/v2\/pages\/966\/revisions"}],"predecessor-version":[{"id":1858,"href":"https:\/\/jmd.com.co\/index.php\/wp-json\/wp\/v2\/pages\/966\/revisions\/1858"}],"up":[{"embeddable":true,"href":"https:\/\/jmd.com.co\/index.php\/wp-json\/wp\/v2\/pages\/961"}],"wp:attachment":[{"href":"https:\/\/jmd.com.co\/index.php\/wp-json\/wp\/v2\/media?parent=966"}],"curies":[{"name":"wp","href":"https:\/\/api.w.org\/{rel}","templated":true}]}}